y s?
9
Suppose -3 = h + 3*s, -5*s + 20 + 15 = 5*h. Suppose -h = -w - 4*j + 9, -3*j + 27 = 3*w. Calculate the remainder when w is divided by 3 + -2 + (1 - -1).
2
Let r(n) = -n**2 - 6*n + 7. Let x be r(-7). Suppose 4*m - 20 = -x*m. Calculate the remainder when m is divided by ((-12)/(-6))/(4/8).
1
Suppose -15*m + 473 = -12*m + 5*d, 3*m - 5*d - 523 = 0. Calculate the remainder when m is divided by 49.
19
Let j = 155 + -106. Let s = -33 + j. Calculate the remainder when 63 is divided by s.
15
Let w = -18 - -277. Calculate the remainder when w is divided by 66.
61
Suppose 3*v + 15 = z, 0*v = 4*z + 3*v - 105. Let u = -20 + z. Suppose -5*k + u*k + 35 = 0. What is the remainder when 137 is divided by k?
32
Suppose -6*z + 155 = -z. Suppose -v - 782 = -842. What is the remainder when v is divided by z?
29
Let w(p) = -50*p + 6. Calculate the remainder when w(-1) is divided by 39.
17
Let j(k) = -k**3 + 7*k**2 - 3*k - 16. Let d be j(6). Suppose -d*v = 0, 106 + 152 = 3*x + v. Calculate the remainder when x is divided by 18.
14
Suppose -25 - 10 = -2*g - 3*b, 2*b - 34 = -2*g. Suppose -8*i + g + 32 = 0. What is the remainder when 16 is divided by i?
4
Let c = -130 - -133. Calculate the remainder when 35 is divided by c/(-12) - 168/(-32).
0
Let s(o) = -2*o**3 + o**2 + 2*o + 2. Let y(g) = g**2 + 4*g - 6. Let f be y(1). Calculate the remainder when 8 is divided by s(f).
2
Let g = -9 + 16. Suppose b + 47 = 4*r, -b - 38 = -3*r - 3. Calculate the remainder when r is divided by g.
5
Let l(q) = -2*q**2 + 7. Let b be l(-6). Let a = b - -91. Let k = a - 15. What is the remainder when 30 is divided by k?
8
Let j(g) = -155*g + 162. Calculate the remainder when (-2)/8 - 162/(-8) is divided by j(1).
6
Let z(o) = -o**3 - 30*o**2 + 28*o - 65. Calculate the remainder when 138 is divided by z(-31).
26
Let i = 28 + -1. Suppose -2*g = -g - i. Let k(w) = 2*w. What is the remainder when g is divided by k(4)?
3
Let n(k) = -20*k + 591. Calculate the remainder when 2440 is divided by n(29).
9
What is the remainder when -2 + 3 + 0 + 163 is divided by 15?
14
Let d = -1238 - -1297. What is the remainder when 234 is divided by d?
57
Suppose 4*o = -3*n + 110, 24*o - 19*o - 122 = 4*n. Calculate the remainder when 121 is divided by o.
17
Suppose -278 = -3*z - 173. What is the remainder when 133 is divided by z?
28
Suppose 0 = 7*z - 206 - 39. Suppose -5*w + 5*b + z = 0, -3*b = -5*w - 7*b - 1. Calculate the remainder when 12 is divided by w.
0
Let z = -12 - -23. Suppose -27*c + 34*c = 42. What is the remainder when z is divided by c?
5
Let h be 6/10 + (-20442)/(-30) - -3. Suppose z - h = -4*z. What is the remainder when z is divided by 35?
32
Suppose 0 = -4*u + 22 - 10. Suppose -18 = -u*d - 9. Suppose d*r - r = 98. Calculate the remainder when r is divided by 13.
10
Let o(l) = -5*l**3 - 4*l**2 + 5*l + 13. What is the remainder when 135 is divided by o(-3)?
38
Let t(s) = s**3 + 5*s**2 + 4*s + 8. Let g be t(-5). Let p(z) = z**2 + 10*z + 4. Calculate the remainder when p(g) is divided by 15.
13
Suppose -82 = -5*s + 3*h, -h - 38 = -3*s - 2*h. Calculate the remainder when -15 - -19 - (-3)/(6/128) is divided by s.
12
Suppose 0 = 21*j - 347 - 2152. Calculate the remainder when j is divided by 23.
4
Suppose 0 = -i + 4*i - 39. Let c(f) = f + 3*f**2 - 2*f**2 - 2*f**2 + 8*f**2. Calculate the remainder when i is divided by c(1).
5
Suppose 3*t = h - 1, -8 = -4*h + 5*t + 3. Suppose 7*r = 8*r + 55. Let v = r - -56. What is the remainder when h is divided by v?
0
Let y = 52 - 62. What is the remainder when (93 - -1)*(-5)/y is divided by 25?
22
Suppose 4*j = 0, -v - j + 0 = -3. Suppose -v*f + 19 = 3*m - 2*m, 0 = -5*f - m + 33. What is the remainder when 32 is divided by f?
4
Let y(n) = 2*n**3 + 4*n**2 - 7*n + 7. Calculate the remainder when y(3) is divided by 44.
32
Let v(y) = 2*y**2 - 12*y + 27. Let j(s) = 2*s**2 - 19*s - 2. Let l be j(10). What is the remainder when v(l) is divided by 21?
17
Calculate the remainder when 378 - (-17 + (1 - -5)) is divided by 30.
29
Suppose 0 = -88*d + 440 - 0. What is the remainder when 309 is divided by d?
4
Let d(o) = 4*o - 1. Let n be d(3). Suppose -n = -4*s - 3. Suppose 0 = s*g - 11 - 7. Calculate the remainder when 35 is divided by g.
8
Let t be 5 + 1/((-3)/6). Suppose -58 = -t*y + 5*m, -6 - 11 = -2*y - m. What is the remainder when y is divided by 11?
0
Let r = -23 + 39. What is the remainder when (-30)/40 - ((-782)/8 + 2) is divided by r?
15
Let k(f) = -f**3 + 6*f**2 + 2*f - 10. Let n = -7 + 13. Calculate the remainder when 17 is divided by k(n).
1
Suppose 2*m + 15 + 111 = 0. Let a = m + 135. Suppose 2*j + 2*s = a, -47 = -j - 2*s - 12. What is the remainder when j is divided by 19?
18
Let o be (-4)/4*(5 - 4) + 173. Suppose -60*p + 56*p + o = 0. What is the remainder when 169 is divided by p?
40
Let n(i) = -5*i + 5. Let x be n(4). Suppose -g = -0*g + 232. Calculate the remainder when (g/20)/(6/x) is divided by 8.
5
Let c = 12 + -12. Suppose c*a = -3*h - 4*a + 91, -a = -5*h + 190. What is the remainder when 145 is divided by h?
34
Let x = -20 - -38. Let d(c) = 2*c**3 + 12*c**2 + 3*c + 25. Calculate the remainder when x is divided by d(-6).
4
What is the remainder when (-5168)/266*7/(-2) is divided by 18?
14
Let x(c) = 5*c**2 + 9*c - 37. Let g be x(5). Let z = g - 91. What is the remainder when z is divided by 15?
12
Suppose -180 = 11*u - 9*u. What is the remainder when ((-16)/5)/(9/u) is divided by 11?
10
Suppose i - 19*q - 26 = -14*q, 3*q - 13 = -2*i. Suppose 7*w - 30 = 2*w. Calculate the remainder when i is divided by w.
5
Let m(o) = 2*o**2 + 5*o - 1. Suppose -5*v + 5*y + 1260 = 0, -3*y + 0*y - 252 = -v. What is the remainder when v is divided by m(4)?
48
Let f(g) = 8*g + 40. Let p be f(20). Let j = p - 187. Suppose -2*n + 3*q + 67 = 0, 3*q - q - 142 = -4*n. Calculate the remainder when n is divided by j.
9
Suppose -3*d = -15 + 6. Let t = d - -12. What is the remainder when 27 is divided by t?
12
Let j(v) = 56*v**2 + v + 1. Let m be j(-1). Suppose 4*b = c + 40, 4*b = 5*c - 0*c + m. Calculate the remainder when (102/(-15))/(4/(-10)) is divided by b.
8
Suppose 4 = 3*s + 1. Let m be s/(-3)*-3 - -43. Let c = m + 23. Calculate the remainder when c is divided by 23.
21
Suppose -2*z - z - 12 = -5*y, 4*y - 2*z = 8. Suppose 3*f = 4*j + 58 + 53, y = -3*j - 9. Suppose -b + f = 2*b. Calculate the remainder when 30 is divided by b.
8
Let r = -106 + 111. Suppose -m - 37 = -4*v - v, 3*v - r*m - 31 = 0. Calculate the remainder when 27 is divided by v.
6
Let r = -311 - -553. Calculate the remainder when r is divided by 25.
17
Suppose 0*d = -4*d + 8. Let s(y) = -7 + 6*y**d + 6 + 7*y**2 - 2*y. Calculate the remainder when s(-1) is divided by 8.
6
Let n = 13 + -29. Let j = 43 + n. What is the remainder when j is divided by 6/(-4)*(-70)/15?
6
Let s(t) = -14*t + 210. Suppose -4*m + 140 = 4*w, -3*w = w - m - 165. What is the remainder when w is divided by s(14)?
12
Let i be 1/(-1) - ((-5 - -4) + 0). Suppose -b + 27 + 70 = 2*j, -2*j + 3*b + 93 = i. What is the remainder when j is divided by 10?
8
Let n(b) = 23*b - 19. Calculate the remainder when n(19) is divided by 60.
58
Let o(n) = -n**3 - 6*n**2 - 5*n + 7. Let b(r) = -r**2 - 5*r + 9. Let a be b(-7). What is the remainder when 13 is divided by o(a)?
6
Suppose 4*g + 3 - 7 = 0. Let h(m) = -2 - 1 - m + g - m. Calculate the remainder when 3 is divided by h(-2).
1
Let j = 1488 - 3834. Calculate the remainder when 3/(-18) - j/36 is divided by 17.
14
Suppose -2*h - 3*n = 0, 3*n - 7*n = -5*h. Suppose 0 = -v - h*v + 16. Suppose -4*c + 12 = -12. Calculate the remainder when v is divided by c.
4
Suppose -4*r + 2*z + 110 = -z, 2*r - 4*z = 50. What is the remainder when 101 is divided by r?
14
Suppose -33 - 12 = -5*z. Let o be 1*(4 - (4 - 1)). What is the remainder when (-1)/(o - 1 - 12/396) is divided by z?
6
Let c(o) = -o**2 + 13*o + 6. Let s be c(11). Suppose -s + 8 = -2*f. Calculate the remainder when 17 is divided by f.
7
Let b(v) = -v**2 - 2*v + 7. Let l be b(-3). Suppose -5*n + 3*z + 86 = 2*z, -z + l = 0. Calculate the remainder when n is divided by 10.
8
Suppose 20 = -2*b - 24. Suppose 43 = 2*p + 2*h - 21, -3*h + 38 = p. Let j = p + b. What is the remainder when j is divided by 5?
2
Let u(s) = -s**2 + 20*s - 17. Calculate the remainder when 